 - 3*j - 8. Let h(u) = -7*p(u) - 2*q(u). Determine h(5).
22
Let p(b) = 17*b. Let u = -27 - -28. Let i(y) = -7*y + 8. Let z be i(u). Give p(z).
17
Let p(v) = v**2 + 6*v + 5. Let j(x) = 3*x**2 + 25*x + 21. Let d(q) = 2*j(q) - 9*p(q). Determine d(-3).
-18
Let u(i) = -11*i**2 + i - 1. Let k be u(-1). Let s(l) = -l**2 - 14*l - 12. Calculate s(k).
1
Suppose 0 = -4*q - s + 11, -4 + 1 = 3*q - 3*s. Let d(j) = -2*j + 7*j**3 - j**q + 1 + 0 + j**2. Suppose 0 = -2*l - 7*l + 9. Determine d(l).
6
Let x(h) = h**3 + 3*h**2 - 13*h - 3. Let a be ((-26)/2 - (-5 - -2))/2. Determine x(a).
12
Let x(k) be the first derivative of k**7/840 + k**6/72 - k**5/20 - k**4/4 + 16*k**3/3 + 1. Let g(i) be the third derivative of x(i). Calculate g(-6).
-6
Let h = 3 - 5. Let s(c) = -c**2 + 4*c - 2. Let o(r) = -r**2 + 5*r - 3. Let j(q) = h*o(q) + 3*s(q). What is j(1)?
1
Let a(f) = -33*f - 8. Let v(p) = 32*p + 5. Let z(w) = 2*a(w) + 3*v(w). What is z(1)?
29
Let j(v) = v**3 - 3*v**2 - 9*v + 10. Suppose -4*x = -6 - 14. Determine j(x).
15
Let s(p) = 3 + 0*p**2 + 19 + 2*p**3 - p - p**2 - 2*p - 20. Calculate s(2).
8
Let n(t) = 2*t - 1. Suppose 19*w = 18*w - 34. Let f = 38 + w. Determine n(f).
7
Suppose 0 = 2*c + 6*x - 2*x, 0 = -4*c - x + 21. Suppose -z = -0*z - c. Let b(g) = -g**2 + 6*g + 8. Determine b(z).
8
Suppose -4*x + l = -l + 28, l + 14 = -2*x. Let o(u) = u - 7. Give o(x).
-14
Suppose -6*m - 3*m = -9. Let x(k) = -k + m - k + k - 7. Give x(5).
-11
Let z(x) = x - 6. Let r(s) = -5*s - 14. Let j be r(-5). Suppose 6*g = j*g. Determine z(g).
-6
Let g(f) be the second derivative of f**5/20 + f**4/2 + 3*f**2 - 6*f - 1. Suppose -35 = 5*p - 5. What is g(p)?
6
Let g(l) be the first derivative of -l**3/3 - 3*l**2/2 + 4*l + 81. What is g(-4)?
0
Suppose -2*y = 4*h + 6, 13*h = 15*h - 2*y + 18. Let i(n) = -n**2 - 6*n + 5. What is i(h)?
13
Let n(v) = -4*v**3 + 23*v**3 + 70 - 71. What is n(1)?
18
Suppose 0*v = 5*v - 15. Suppose -3*l + 12 = 4*p - p, v = p. Let r be 6/(-4)*(l + 1). Let y(s) = s**3 + 4*s**2 + s - 4. Calculate y(r).
2
Let v(j) = -j**3 - 8*j**2 - 5*j - 7. Let a(n) = 5*n**3 + 34*n**2 + 20*n + 28. Let l(d) = 2*a(d) + 9*v(d). Let s be (-1)/(1 + (-12)/10). What is l(s)?
-7
Let j be (1/(-3))/((-10)/120). Let o(w) = -31*w - j + 30*w - 10 + 6. Calculate o(0).
-8
Let w be (-12)/(-42) + 4/(-14). Suppose -3*y = 3*j - 21, -3*y - 21 = -6*y + 5*j. Let v(q) = 4 - 2*q**3 + 3*q**3 + y*q**2 - 6*q**2 - 16. Give v(w).
-12
Let m(k) = k**2 + 6*k + 7. Let d(s) = 11*s - 2. Let j be d(4). Let b be (-16)/3 - 28/j. What is m(b)?
7
Let k = 814 + -814. Let p(s) = 2*s**2 + s - 18. Give p(k).
-18
Let j(v) be the first derivative of -v**4/4 - 8*v**3/3 + v**2 + 7*v + 207. What is j(-8)?
-9
Let x(q) be the second derivative of -q**3/6 - 12*q**2 + 26*q. Let c be x(-13). Let i(d) = d**3 + 12*d**2 + 12*d + 9. Determine i(c).
-2
Let x = -77 + 463/6. Let n(t) be the second derivative of 0 - x*t**3 - t + 3/2*t**2. Give n(6).
-3
Let d(k) = -k + 2. Let c(q) = 6*q - 6. Let v be c(1). Suppose 6*o - 10 + 28 = v. Determine d(o).
5
Let o(k) = -2*k**2 + 3*k - 13. Let g(r) = r**2 - 2*r + 7. Let n(b) = -7*g(b) - 4*o(b). Let t = 645 + -648. Give n(t).
6
Let w = -127 - -129. Suppose 0 = 18*g - 17*g - w. Let d(i) = 7*i + 1. Calculate d(g).
15
Let i(b) be the third derivative of b**6/120 + b**5/12 - b**4/6 - 4*b**3/3 - 265*b**2. Give i(-6).
-20
Let b(f) be the second derivative of 1/180*f**6 + 0 + 0*f**2 + 4*f - 1/12*f**4 + 0*f**3 - 1/30*f**5. Let w(v) be the third derivative of b(v). What is w(3)?
8
Let m(a) = 3*a**3 - 6*a**2 - 8*a + 9. Let v(p) = 13*p**3 - 25*p**2 - 33*p + 37. Let y(s) = 9*m(s) - 2*v(s). Let z be (3/12 - 35/(-4)) + -4. What is y(z)?
2
Let d(n) be the first derivative of -n**3/3 + 5*n**2 - 6*n + 730. What is d(6)?
18
Let r(f) be the second derivative of f**6/120 - f**5/15 + f**4/24 + 3*f**2/2 + 10*f. Let k(i) be the first derivative of r(i). Determine k(3).
-6
Let h(q) be the second derivative of q**3/6 + 3*q**2 - 497*q. Determine h(-6).
0
Let h be 10/2*(-6)/5. Let j(l) be the second derivative of l**5/20 + 7*l**4/12 + 3*l**3/2 + 9*l**2/2 - 4*l + 57. Calculate j(h).
-9
Let r(v) = -9*v**3 + 2*v**2 - v. Suppose -2 + 1 = -i + 5*t, 0 = -3*t. Determine r(i).
-8
Suppose -9*m - 74 = -119. Let u(o) = -o**3 + 6*o**2 - 7*o + 11. Give u(m).
1
Let l(a) = a. Let x be l(6). Suppose -x*y + 20 = -2*y. Let b(m) = m - 5 - 13*m**2 - m**3 + y*m + 7*m**2. Give b(-7).
2
Let c(j) = 11 - 5*j - 3*j - 497*j**2 + 498*j**2. What is c(8)?
11
Let t(n) = -15*n - 7. Let g(d) = 13*d + 7. Let v(l) = 6*g(l) + 5*t(l). Give v(-3).
-2
Let p(g) = -2*g**3 + 3*g**2 - 4*g + 2. Let w = -61 + 63. Determine p(w).
-10
Let d(c) be the third derivative of c**8/20160 - c**6/60 + 7*c**5/60 + 6*c**2. Let r(g) be the third derivative of d(g). What is r(0)?
-12
Suppose -3*s = -4*j + 13, 3*j - 6 = -0*s + 3*s. Let w(l) = l**2 - 8*l + 9. Calculate w(j).
2
Let f(n) = -3*n**2 + 5*n - 71. Let o(h) = 4*h**2 - 4*h + 75. Let i(d) = 5*f(d) + 4*o(d). Give i(-13).
-3
Suppose -64*h = -49*h - 105. Let t(l) = -2*l**2 + 10*l - 2. Determine t(h).
-30
Let w(k) = 2*k - 27. Let f(n) = -13 - 2*n + 7*n + 0*n - 4*n. Let s be 2 + (-45)/(5 + -2). Let a(u) = s*f(u) + 6*w(u). Determine a(0).
7
Suppose t = 6*t. Let m(w) = 4 - 6*w + t*w - 3. Suppose a + 2 - 1 = 0. Give m(a).
7
Let k(r) = 8*r**2 - 2*r. Let v be k(1). Let u be 0 + 2/(-4)*-4. Let i(j) = 9 - u*j - j + j**2 - 4*j. Give i(v).
3
Let i be (-110)/(-6) + (48/18 - 2). Let s(m) = -i*m + 7*m + 9*m + 5*m + 2. What is s(-2)?
-2
Let a(j) = 10 - 3 + 0 - 3 - j. Let w(f) = f**2 - 5*f + 6. Let n be w(6). Let d be 27/n + 6/8. What is a(d)?
1
Let y(s) be the third derivative of -s**6/120 + s**5/20 + s**4/12 - 3*s**3/2 - 1068*s**2. What is y(2)?
-1
Let a(y) = 12*y - 5 + 2 + 71*y**2 - y**3 - 62*y**2 - 4. Determine a(10).
13
Let y(v) be the first derivative of -v**2/2 - 2*v - 143. Determine y(5).
-7
Let n(i) be the third derivative of -i**5/5 + i**4/12 + i**3/3 + 124*i**2 + i. What is n(-1)?
-12
Let t(y) = 0*y**2 - 33*y + 2 - y**2 - 18*y - 32*y + 77*y. Calculate t(-11).
-53
Let z(m) be the first derivative of -m**3/3 + m**2 + 2*m - 201. Calculate z(4).
-6
Let c(k) = -5*k**3 + 2*k**2 + 3*k + 2. Let w be (0/1 - 1)*(4 - 3). Determine c(w).
6
Suppose 0 = -2*w + 17*w. Suppose w = -p - p + 3*c, 2*c = -2*p + 10. Let k(o) be the third derivative of o**5/60 - o**4/6 - o**3/6 - o**2. Determine k(p).
-4
Let j(w) = 2*w**3 - 20*w**2 - 11. Let z be (-63)/14*20/(-9). What is j(z)?
-11
Let a(l) = 3*l + 2*l**2 - l**2 - 10*l. Let g(d) = 3*d**2 - 5*d + 6. Let n be g(2). Suppose n*v = 5*v + 18. Determine a(v).
-6
Let r(t) = 2*t**2 - 2*t + 2. Suppose 3*b + 29 = 4*l, -44*l + 26 = -2*b - 40*l. Calculate r(b).
26
Let z be 0/1 + -3 + 23. Suppose 4*o + z = 0, -6*s - 2*o = -s. Let f be (4 - s) + -2 + 0. Let h(v) = -v**2 - 2. Calculate h(f).
-2
Let m(x) be the third derivative of x**5/5 + x**4/8 - x**3/2 + 232*x**2. What is m(2)?
51
Let w(x) = -14*x + 1. Suppose -839*n = -831*n - 8. Determine w(n).
-13
Let j = -1 + 1. Let c(v) be the first derivative of v**3/3 + v**2/2 - 2*v + 1281. Give c(j).
-2
Let j be 5*(0 + -3 + 4). Let b(m) = 10*m**2 + 12*m + 25. Let s(d) = -7*d**2 - 8*d - 17. Let n(z) = j*b(z) + 7*s(z). Calculate n(-4).
6
Suppose 0 = 4*o - o - 18. Let c(d) = -11 - 2*d - d**2 - o + 15 + d. Give c(3).
-14
Let o(r) be the third derivative of -r**4/6 - 5*r**2 + 7*r. Determine o(-2).
8
Let t(g) = g**2 - 7*g - 14. Suppose 48 = 2*j + 5*m + 5, -20 = -4*m. Determine t(j).
4
Let h(k) = -5*k**2 - 3. Let x(a) = -a**3 + 21*a**2 + a + 13. Let d = -38 - -29. Let g(y) = d*h(y) - 2*x(y). Give g(-3).
-20
Let b = -2 + 3. Suppose -b - 3 = -t. Let z(c) = -t + 4 - 5 + 5*c - 4*c. What is z(4)?
-1
Let m(c) = -1 + 380*c**3 + 22*c + 13*c**2 + 2 - 379*c**3. What is m(-11)?
1
Let q(w) be the second derivative of w**5/20 - w**3/3 + 2*w**2 + 13*w. Let o be q(0). Let c(r) = -3*r + 5. Give c(o).
-7
Let g(j) be the third derivative of j**5/30 + j**4/6 - 5*j**3/6 - 7*j**2. Let s(r) = -r**2 - 3*r + 4. Let c(h) = 3*g(h) + 4*s(h). Let q = 3 - 5. What is c(q)?
9
Let u(g) = g**2 + g - 1. Let c be u(2). Suppose -4*j + 6 = 3*q - 0*q, -4*q + c*j + 8 = 0. Let t(o) = q - 4*o + 3*o - 2*o. Determine t(-2).
8
Suppose 2*v = -3*j - 2*v + 5, -9 = j + 4*v. Let x(n) = -4*n**2 + 7*n + 6. Let o(d) = -9*d**2 + 14*d + 11. Let m(